 digit of 114004439?
0
What is the tens digit of 476976946?
4
What is the hundred thousands digit of 754261638?
2
What is the units digit of 205773287?
7
What is the tens digit of 1106650371?
7
What is the ten thousands digit of 3271959549?
5
What is the tens digit of 1884714?
1
What is the units digit of 224714214?
4
What is the hundred thousands digit of 50647825?
6
What is the ten millions digit of 228181340?
2
What is the hundred millions digit of 372424299?
3
What is the units digit of 759023232?
2
What is the ten millions digit of 97899916?
9
What is the units digit of 76745886?
6
What is the ten thousands digit of 196071284?
7
What is the thousands digit of 9802542?
2
What is the ten millions digit of 551894521?
5
What is the thousands digit of 331754866?
4
What is the ten millions digit of 100950665?
0
What is the ten millions digit of 1110161377?
1
What is the ten millions digit of 96819407?
9
What is the thousands digit of 4708874756?
4
What is the thousands digit of 1483590?
3
What is the tens digit of 2299974907?
0
What is the thousands digit of 22571935?
1
What is the ten millions digit of 644168107?
4
What is the units digit of 224492284?
4
What is the tens digit of 499528089?
8
What is the tens digit of 390404441?
4
What is the thousands digit of 231189048?
9
What is the hundreds digit of 185430918?
9
What is the ten millions digit of 71074556?
7
What is the ten thousands digit of 94466678?
6
What is the tens digit of 331261572?
7
What is the millions digit of 96633938?
6
What is the ten millions digit of 1733292171?
3
What is the units digit of 682708742?
2
What is the thousands digit of 131836887?
6
What is the hundreds digit of 31017992?
9
What is the thousands digit of 417653869?
3
What is the hundreds digit of 40599679?
6
What is the hundred thousands digit of 79115094?
1
What is the ten millions digit of 2571769602?
7
What is the ten millions digit of 62238765?
6
What is the hundreds digit of 2608537717?
7
What is the millions digit of 1771262067?
1
What is the hundred thousands digit of 2410339092?
3
What is the tens digit of 20497809?
0
What is the ten thousands digit of 138184567?
8
What is the tens digit of 1691650?
5
What is the hundred thousands digit of 141417780?
4
What is the units digit of 51796362?
2
What is the tens digit of 1966491346?
4
What is the hundred thousands digit of 62692233?
6
What is the units digit of 279951496?
6
What is the hundred thousands digit of 73040812?
0
What is the thousands digit of 39954815?
4
What is the hundred thousands digit of 216006069?
0
What is the hundred millions digit of 592999462?
5
What is the tens digit of 205891195?
9
What is the thousands digit of 49660363?
0
What is the ten millions digit of 3675898357?
7
What is the millions digit of 120718108?
0
What is the ten thousands digit of 408187147?
8
What is the hundreds digit of 1277880857?
8
What is the hundreds digit of 45505362?
3
What is the units digit of 93882171?
1
What is the hundreds digit of 18300913?
9
What is the thousands digit of 197899806?
9
What is the thousands digit of 24202912?
2
What is the ten thousands digit of 753470854?
7
What is the hundred thousands digit of 1614953273?
9
What is the millions digit of 95650350?
5
What is the ten thousands digit of 3000510329?
1
What is the ten millions digit of 1366137347?
6
What is the units digit of 32296309?
9
What is the tens digit of 12739864?
6
What is the hundred thousands digit of 799774949?
7
What is the ten thousands digit of 31460924?
6
What is the units digit of 1352963310?
0
What is the hundreds digit of 32913799?
7
What is the ten millions digit of 25894849?
2
What is the ten thousands digit of 4978978?
7
What is the hundreds digit of 275064719?
7
What is the tens digit of 6652814?
1
What is the tens digit of 68412091?
9
What is the thousands digit of 3167883246?
3
What is the hundred thousands digit of 325110639?
1
What is the hundreds digit of 403269285?
2
What is the tens digit of 386122727?
2
What is the hundreds digit of 27910525?
5
What is the hundred thousands digit of 57292312?
2
What is the units digit of 154697954?
4
What is the hundred millions digit of 1717538767?
7
What is the hundred millions digit of 172522060?
1
What is the thousands digit of 15045456?
5
What is the tens digit of 34791340?
4
What is the ten millions digit of 45717842?
4
What is the hundred millions digit of 787074665?
7
What is the hundred thousands digit of 1087807296?
8
What is the millions digit of 1501016493?
1
What is the hundreds digit of 52611526?
5
What is the millions digit of 4086331?
4
What is the units digit of 974848050?
0
What is the ten thousands digit of 1380009556?
0
What is the millions digit of 910916325?
0
What is the billions digit of 1773613374?
1
What is the thousands digit of 119469794?
9
What is the hundreds digit of 52954165?
1
What is the ten millions digit of 3383477340?
8
What is the millions digit of 7146889?
7
What is the hundreds digit of 139180798?
7
What is the ten millions digit of 227664666?
2
What is the ten thousands digit of 561496992?
9
What is the tens digit of 85703292?
9
What is the ten thousands digit of 935471905?
7
What is the hundred thousands digit of 45044551?
0
What is the hundred thousands digit of 87968466?
9
What is the units digit of 139916982?
2
What is the hundred millions digit of 316512303?
3
What is the ten millions digit of 1180093546?
8
What is the hundreds digit of 542308774?
7
What is the units digit of 283653750?
0
What is the ten millions digit of 86786185?
8
What is the hundred thousands digit of 1689029829?
0
What is the millions digit of 2421868484?
1
What is the hundred thousands digit of 240957071?
9
What is the hundreds digit of 53570841?
8
What is the hundred thousands digit of 85837758?
8
What is the hundred millions digit of 454937402?
4
What is the millions digit of 1628000115?
8
What is the thousands digit of 2482845769?
5
What is the thousands digit of 637134009?
4
What is the hundred thousands digit of 36251616?
2
What is the hundreds digit of 1315611?
6
What is the hundred thousands digit of 2121371059?
3
What is the hundred thousands digit of 44045107?
0
What is the hundred millions digit of 241779938?
2
What is the millions digit of 424361313?
4
What is the hundred millions digit of 236476281?
2
What is the hundred thousands digit of 60204608?
2
What is the ten thousands digit of 328146500?
4
What is the units digit of 1683442433?
3
What is the millions digit of 35149137?
5
What is the ten millions digit of 1135083342?
3
What is the units digit of 329587080?
0
What is the tens digit of 96953522?
2
What is the hundred millions digit of 754505166?
7
What is the hundreds digit of 3006445118?
1
What is the billions digit of 5565413181?
5
What is the hundred thousands digit of 7028371013?
3
What is the hundreds digit of 667136711?
7
What is the hundreds digit of 1473132380?
3
What is the millions digit of 261181863?
1
What is the ten thousands digit of 49019679?
1
What is the hundred thousands digit of 78915608?
9
What is the hundred thousands digit of 1410801669?
8
What is the ten thousands digit of 87217098?
1
What is the hundred millions digit of 2282868403?
2
What is the thousands digit of 72617556?
7
What is the ten millions digit of 13701832?
1
What is the thousands digit of 88907241?
7
What is the tens digit of 540211802?
0
What is the millions digit of 933389143?
3
What is the ten millions digit of 142552943?
4
What is the ten thousands digit of 146114672?
1
What is the units digit of 61578119?
9
What is the hundreds digit of 925380218?
2
What is the hundreds digit of 3023922323?
3
What is the millions digit of 732819015?
2
What is the hundreds digit of 45174457?
4
What is the ten thousands digit of 54922721?
2
What is the units digit of 83916977?
7
What is the ten millions digit of 2039668346?
3
What is the units digit of 121541035?
5
What is the hundred millions digit of 278149430?
2
What is the millions digit of 21603115?
1
What is the hundreds digit of 759721729?
7
What is the hundred millions digit of 1994490296?
9
What is the hundreds digit of 1776100610?
6
What is the hundred millions digit of 8177458644?
1
What is the hundred thousands digit of 181451588?
4
What is the ten